{"id":47,"date":"2025-01-15T15:01:44","date_gmt":"2025-01-15T15:01:44","guid":{"rendered":"http:\/\/localhost\/minhphatprint\/?page_id=47"},"modified":"2025-01-18T18:46:38","modified_gmt":"2025-01-18T18:46:38","slug":"dichvu","status":"publish","type":"page","link":"https:\/\/minhphatprint.com.vn\/index.php\/dichvu\/","title":{"rendered":"DichVu"},"content":{"rendered":"\t<section class=\"section\" id=\"section_1956304103\">\n\t\t<div class=\"bg section-bg fill bg-fill  bg-loaded\" >\n\n\t\t\t\n\t\t\t<div class=\"section-bg-overlay absolute fill\"><\/div>\n\t\t\t\n\n\t\t<\/div>\n\n\t\t\n\n\t\t<div class=\"section-content relative\">\n\t\t\t\n\t<div id=\"gap-192573430\" class=\"gap-element clearfix\" style=\"display:block; height:auto;\">\n\t\t\n<style>\n#gap-192573430 {\n  padding-top: 30px;\n}\n<\/style>\n\t<\/div>\n\t\n<div class=\"row align-middle align-center\"  id=\"row-818261615\">\n\n\t<div id=\"col-417284497\" class=\"col medium-12 small-12 large-6\"  >\n\t\t\t\t<div class=\"col-inner\"  >\n\t\t\t\n\t\t\t\n<div class=\"row\"  id=\"row-1753902095\">\n\n\t<div id=\"col-1970611948\" class=\"col medium-6 small-12 large-7\"  >\n\t\t\t\t<div class=\"col-inner\"  >\n\t\t\t\n\t\t\t\n\n  <div class=\"banner has-hover\" id=\"banner-19701870\">\n          <div class=\"banner-inner fill\">\n        <div class=\"banner-bg fill\" >\n            <div class=\"bg fill bg-fill \"><\/div>\n                                    \n                    <\/div>\n\t\t\n        <div class=\"banner-layers container\">\n            <div class=\"fill banner-link\"><\/div>            \n        <\/div>\n      <\/div>\n\n            \n<style>\n#banner-19701870 {\n  padding-top: 99.99%;\n  background-color: rgba(0, 0, 0, 0);\n}\n#banner-19701870 .bg.bg-loaded {\n  background-image: url(https:\/\/minhphatprint.com.vn\/wp-content\/uploads\/2025\/01\/z4686413496137_1b72658dbf718ed4186f2cc7d3e47c55.jpg);\n}\n#banner-19701870 .bg {\n  background-position: 14% 46%;\n}\n#banner-19701870 .ux-shape-divider--top svg {\n  height: 150px;\n  --divider-top-width: 100%;\n}\n#banner-19701870 .ux-shape-divider--bottom svg {\n  height: 150px;\n  --divider-width: 100%;\n}\n@media (min-width:550px) {\n  #banner-19701870 {\n    padding-top: 150%;\n  }\n}\n@media (min-width:850px) {\n  #banner-19701870 {\n    padding-top: 116%;\n  }\n}\n<\/style>\n  <\/div>\n\n\n\t\t<\/div>\n\t\t\t\t\t<\/div>\n\n\t\n\n\t<div id=\"col-2116412078\" class=\"col medium-6 small-12 large-5\"  >\n\t\t\t\t<div class=\"col-inner\"  >\n\t\t\t\n\t\t\t\n\n  <div class=\"banner has-hover\" id=\"banner-504668517\">\n          <div class=\"banner-inner fill\">\n        <div class=\"banner-bg fill\" >\n            <div class=\"bg fill bg-fill \"><\/div>\n                                    \n                    <\/div>\n\t\t\n        <div class=\"banner-layers container\">\n            <div class=\"fill banner-link\"><\/div>            \n        <\/div>\n      <\/div>\n\n            \n<style>\n#banner-504668517 {\n  padding-top: 60%;\n  background-color: rgba(0, 0, 0, 0);\n}\n#banner-504668517 .bg.bg-loaded {\n  background-image: url(https:\/\/minhphatprint.com.vn\/wp-content\/uploads\/2025\/01\/z4686413518767_875d624ab7c32a32405cb65f8dc5e217.jpg);\n}\n#banner-504668517 .bg {\n  background-position: 34% 50%;\n}\n#banner-504668517 .ux-shape-divider--top svg {\n  height: 150px;\n  --divider-top-width: 100%;\n}\n#banner-504668517 .ux-shape-divider--bottom svg {\n  height: 150px;\n  --divider-width: 100%;\n}\n@media (min-width:550px) {\n  #banner-504668517 {\n    padding-top: 76%;\n  }\n}\n@media (min-width:850px) {\n  #banner-504668517 {\n    padding-top: 95%;\n  }\n}\n<\/style>\n  <\/div>\n\n\n\t\t<\/div>\n\t\t\t\t\t<\/div>\n\n\t\n<\/div>\n<div class=\"row align-right\"  id=\"row-375297641\">\n\n\t<div id=\"col-472895532\" class=\"col medium-7 small-12 large-7\"  >\n\t\t\t\t<div class=\"col-inner\"  >\n\t\t\t\n\t\t\t\n\n  <div class=\"banner has-hover\" id=\"banner-106765564\">\n          <div class=\"banner-inner fill\">\n        <div class=\"banner-bg fill\" >\n            <div class=\"bg fill bg-fill \"><\/div>\n                                    \n                    <\/div>\n\t\t\n        <div class=\"banner-layers container\">\n            <div class=\"fill banner-link\"><\/div>            \n        <\/div>\n      <\/div>\n\n            \n<style>\n#banner-106765564 {\n  padding-top: 60%;\n  background-color: rgba(0, 0, 0, 0);\n}\n#banner-106765564 .bg.bg-loaded {\n  background-image: url(https:\/\/minhphatprint.com.vn\/wp-content\/uploads\/2025\/01\/a.avif);\n}\n#banner-106765564 .bg {\n  background-position: 62% 56%;\n}\n#banner-106765564 .ux-shape-divider--top svg {\n  height: 150px;\n  --divider-top-width: 100%;\n}\n#banner-106765564 .ux-shape-divider--bottom svg {\n  height: 150px;\n  --divider-width: 100%;\n}\n@media (min-width:550px) {\n  #banner-106765564 {\n    padding-top: 80%;\n  }\n}\n<\/style>\n  <\/div>\n\n\n\t\t<\/div>\n\t\t\t\t\n<style>\n#col-472895532 > .col-inner {\n  margin: 0 0px 0px 0px;\n}\n@media (min-width:550px) {\n  #col-472895532 > .col-inner {\n    margin: -290px 0px 0px 0px;\n  }\n}\n@media (min-width:850px) {\n  #col-472895532 > .col-inner {\n    margin: -165px 0px 0px 0px;\n  }\n}\n<\/style>\n\t<\/div>\n\n\t\n<\/div>\n\t\t<\/div>\n\t\t\t\t\t<\/div>\n\n\t\n\n\t<div id=\"col-1135374255\" class=\"col medium-12 small-12 large-6\"  >\n\t\t\t\t<div class=\"col-inner\"  >\n\t\t\t\n\t\t\t\n\t<div id=\"text-446486099\" class=\"text\">\n\t\t\n<h3 class=\"box_news_name\">Thi\u1ebft k\u1ebf, in v\u00e0 gia c\u00f4ng Bao \u0110\u0169a<\/h3>\n\t\t\n<style>\n#text-446486099 {\n  font-size: 1.3rem;\n}\n<\/style>\n\t<\/div>\n\t\n<p>Bao \u0111\u0169a l\u00e0 m\u1ed9t trong nh\u1eefng s\u1ea3n ph\u1ea9m kh\u00f4ng th\u1ec3 thi\u1ebfu trong c\u00e1c nh\u00e0 h\u00e0ng, qu\u00e1n \u0103n. Bao \u0111\u0169a \u0111\u01b0\u1ee3c thi\u1ebft k\u1ebf, in \u1ea5n \u0111\u1eb9p..<\/p>\n<a href=\"http:\/\/localhost\/minhphatprint\/index.php\/2025\/01\/18\/thiet-ke-in-va-gia-cong-bao-dua\/\" target=\"_self\" class=\"button secondary\"  style=\"border-radius:5px;\">\n    <span>\u0110\u1eb7t h\u00e0ng ngay!<\/span>\n  <\/a>\n\n\t\t<\/div>\n\t\t\t\t\n<style>\n#col-1135374255 > .col-inner {\n  padding: 0px 0 0px 0px;\n}\n@media (min-width:550px) {\n  #col-1135374255 > .col-inner {\n    padding: 0px 10% 0px 0px;\n  }\n}\n@media (min-width:850px) {\n  #col-1135374255 > .col-inner {\n    padding: 0px 0px 0px 15%;\n  }\n}\n<\/style>\n\t<\/div>\n\n\t\n<\/div>\n\t\t<\/div>\n\n\t\t\n<style>\n#section_1956304103 {\n  padding-top: 30px;\n  padding-bottom: 30px;\n}\n#section_1956304103 .section-bg-overlay {\n  background-color: rgba(200, 223, 174, 0.738);\n}\n#section_1956304103 .ux-shape-divider--top svg {\n  height: 150px;\n  --divider-top-width: 100%;\n}\n#section_1956304103 .ux-shape-divider--bottom svg {\n  height: 150px;\n  --divider-width: 100%;\n}\n<\/style>\n\t<\/section>\n\t\n","protected":false},"excerpt":{"rendered":"","protected":false},"author":1,"featured_media":0,"parent":0,"menu_order":0,"comment_status":"closed","ping_status":"closed","template":"","meta":{"footnotes":""},"class_list":["post-47","page","type-page","status-publish","hentry"],"_links":{"self":[{"href":"https:\/\/minhphatprint.com.vn\/index.php\/wp-json\/wp\/v2\/pages\/47","targetHints":{"allow":["GET"]}}],"collection":[{"href":"https:\/\/minhphatprint.com.vn\/index.php\/wp-json\/wp\/v2\/pages"}],"about":[{"href":"https:\/\/minhphatprint.com.vn\/index.php\/wp-json\/wp\/v2\/types\/page"}],"author":[{"embeddable":true,"href":"https:\/\/minhphatprint.com.vn\/index.php\/wp-json\/wp\/v2\/users\/1"}],"replies":[{"embeddable":true,"href":"https:\/\/minhphatprint.com.vn\/index.php\/wp-json\/wp\/v2\/comments?post=47"}],"version-history":[{"count":0,"href":"https:\/\/minhphatprint.com.vn\/index.php\/wp-json\/wp\/v2\/pages\/47\/revisions"}],"wp:attachment":[{"href":"https:\/\/minhphatprint.com.vn\/index.php\/wp-json\/wp\/v2\/media?parent=47"}],"curies":[{"name":"wp","href":"https:\/\/api.w.org\/{rel}","templated":true}]}}